e remainder when 62131356 is divided by 2771?
2765
Calculate the remainder when 34966 is divided by 35.
1
What is the remainder when 98864 is divided by 1283?
73
What is the remainder when 640406 is divided by 640395?
11
What is the remainder when 1859667 is divided by 1572?
1563
What is the remainder when 2298012 is divided by 14?
10
What is the remainder when 2725011 is divided by 113542?
3
What is the remainder when 4295292 is divided by 42?
36
Calculate the remainder when 431756 is divided by 6167.
66
What is the remainder when 1254271 is divided by 124?
11
What is the remainder when 1339505 is divided by 446459?
128
Calculate the remainder when 1369592 is divided by 684794.
4
What is the remainder when 2981927 is divided by 1490936?
55
What is the remainder when 3849279 is divided by 115?
114
Calculate the remainder when 1958932 is divided by 687.
295
What is the remainder when 3931411 is divided by 7?
1
What is the remainder when 1256565 is divided by 12?
9
What is the remainder when 34636 is divided by 11419?
379
Calculate the remainder when 56551 is divided by 27949.
653
Calculate the remainder when 2678198 is divided by 1339056.
86
What is the remainder when 206526 is divided by 7940?
86
What is the remainder when 17338 is divided by 7824?
1690
What is the remainder when 4985280 is divided by 3233?
3227
What is the remainder when 181707 is divided by 1975?
7
Calculate the remainder when 1124173 is divided by 6813.
28
What is the remainder when 3626546 is divided by 1208841?
23
Calculate the remainder when 23958 is divided by 23927.
31
What is the remainder when 1133614 is divided by 418?
416
Calculate the remainder when 16415778 is divided by 352.
258
Calculate the remainder when 3847254 is divided by 148.
142
Calculate the remainder when 42796 is divided by 14234.
94
What is the remainder when 742328 is divided by 409?
402
What is the remainder when 1411767 is divided by 436?
435
Calculate the remainder when 60057993 is divided by 2999.
19
Calculate the remainder when 367156 is divided by 13110.
76
Calculate the remainder when 162384 is divided by 88.
24
What is the remainder when 16560165 is divided by 690005?
45
What is the remainder when 916069 is divided by 21303?
40
Calculate the remainder when 2523512 is divided by 1009.
3
Calculate the remainder when 195562 is divided by 81.
28
Calculate the remainder when 171645 is divided by 913.
1
Calculate the remainder when 201699 is divided by 820.
799
What is the remainder when 65122 is divided by 449?
17
Calculate the remainder when 9056640 is divided by 132.
120
Calculate the remainder when 162950 is divided by 40456.
1126
Calculate the remainder when 38023820 is divided by 12674603.
11
What is the remainder when 227068 is divided by 1515?
1333
What is the remainder when 7238958 is divided by 1184?
1166
Calculate the remainder when 27098 is divided by 5139.
1403
Calculate the remainder when 1724690 is divided by 4942.
4874
Calculate the remainder when 134925 is divided by 413.
287
What is the remainder when 117043 is divided by 2657?
135
Calculate the remainder when 59497 is divided by 476.
473
What is the remainder when 25885 is divided by 25380?
505
What is the remainder when 13253 is divided by 6053?
1147
Calculate the remainder when 373014 is divided by 2298.
738
What is the remainder when 31272 is divided by 1158?
6
What is the remainder when 1565645 is divided by 1565606?
39
Calculate the remainder when 119073 is divided by 8502.
45
What is the remainder when 2881917 is divided by 380?
377
Calculate the remainder when 192542 is divided by 38457.
257
Calculate the remainder when 164142675 is divided by 11497.
6
What is the remainder when 4816570 is divided by 149?
145
Calculate the remainder when 26013 is divided by 6495.
33
What is the remainder when 5140428 is divided by 4420?
4388
What is the remainder when 418632 is divided by 105?
102
Calculate the remainder when 478561 is divided by 16.
1
Calculate the remainder when 1441112 is divided by 4226.
46
What is the remainder when 17565567 is divided by 10?
7
Calculate the remainder when 21782651 is divided by 13538.
9
What is the remainder when 296686009 is divided by 73?
66
What is the remainder when 4929726 is divided by 41?
9
Calculate the remainder when 7302364 is divided by 6121.
11
Calculate the remainder when 4749790 is divided by 55230.
10
Calculate the remainder when 16245103 is divided by 34.
5
What is the remainder when 2546452 is divided by 331?
69
What is the remainder when 2017339 is divided by 672422?
73
Calculate the remainder when 98273 is divided by 1724.
5
Calculate the remainder when 38891 is divided by 3964.
3215
Calculate the remainder when 100357 is divided by 10993.
1420
Calculate the remainder when 16981663 is divided by 404325.
13
Calculate the remainder when 61541364 is divided by 231.
192
Calculate the remainder when 1235842 is divided by 129.
22
Calculate the remainder when 470338 is divided by 74.
68
What is the remainder when 191459 is divided by 475?
34
Calculate the remainder when 81329 is divided by 274.
225
Calculate the remainder when 8464124 is divided by 824.
820
What is the remainder when 12006 is divided by 331?
90
What is the remainder when 7874571 is divided by 874944?
75
Calculate the remainder when 5373174 is divided by 8556.
6
What is the remainder when 8186364 is divided by 154458?
90
Calculate the remainder when 5809683 is divided by 1621.
19
What is the remainder when 2730718 is divided by 553?
4
What is the remainder when 104152 is divided by 196?
76
Calculate the remainder when 34756 is divided by 1642.
274
Calculate the remainder when 50900799 is divided by 63.
12
What is the remainder when 6327286 is divided by 9346?
44
Calculate the remainder when 3550905 is divided by 1775395.
115
What is the remainder when 2513763 is divided by 193359?
96
Calculate the remainder when 2164437 is divided by 17.
14
What is the remainder when 1314579 is divided by 45330?
9
What is the remainder when 43957271 is divided by 691?
688
What is the remainder when 25651828 is divided by 1490?
1478
Calculate the remainder when 67729 is divided by 4739.
1383
Calculate the remainder when 46666901 is divided by 46666878.
23
Calculate the remainder when 53036 is divided by 3670.
1656
Calculate the remainder when 239782 is divided by 79730.
592
Calculate the remainder when 67692 is divided by 1589.
954
What is the remainder when 82606 is divided by 45?
31
What is the remainder when 27190 is divided by 13592?
6
Calculate the remainder when 39442400 is divided by 143.
140
Calculate the remainder when 560023 is divided by 814.
805
What is the remainder when 1574016 is divided by 262335?
6
What is the remainder when 525365 is divided by 65632?
309
Calculate the remainder when 13020929 is divided by 66.
53
Calculate the remainder when 209253 is divided by 144.
21
What is the remainder when 10953736 is divided by 2190746?
6
What is the remainder when 2416200 is divided by 41?
29
What is the remainder when 228986 is divided by 45461?
1681
What is the remainder when 207531 is divided by 142?
69
Calculate the remainder when 15264372 is divided by 965.
2
Calculate the remainder when 2692443 is divided by 397.
386
Calculate the remainder when 427640 is divided by 79.
13
What is the remainder when 157712807 is divided by 6739?
6729
What is the remainder when 621765 is divided by 3679?
14
What is the remainder when 11103161 is divided by 21?
20
Calculate the remainder when 2454 is divided by 1741.
713
Calculate the remainder when 121868 is divided by 17370.
278
What is the remainder when 25878 is divided by 121?
105
What is the remainder when 8123621 is divided by 310?
71
What is the remainder when 570370 is divided by 1099?
1088
Calculate the remainder when 75805264 is divided by 1815.
1789
Calculate the remainder when 2742980 is divided by 471.
347
Calculate the remainder when 20300097 is divided by 15.
12
What is the remainder when 1864836 is divided by 21?
15
Calculate the remainder when 289181 is divided by 11.
2
What is the remainder when 661727 is divided by 82709?
55
Calculate the remainder when 11579697 is divided by 2986.
2975
What is the remainder when 16318597 is divided by 33?
31
What is the remainder wh